{"id":2,"date":"2024-10-06T14:04:32","date_gmt":"2024-10-06T12:04:32","guid":{"rendered":"http:\/\/carpentier-peintre.fr\/?page_id=2"},"modified":"2025-05-23T16:50:27","modified_gmt":"2025-05-23T14:50:27","slug":"page-d-exemple","status":"publish","type":"page","link":"https:\/\/carpentier-peintre.fr\/index.php\/page-d-exemple\/","title":{"rendered":"Biographie"},"content":{"rendered":"\n<figure class=\"wp-block-image size-large is-resized\"><img loading=\"lazy\" decoding=\"async\" width=\"1024\" height=\"768\" src=\"http:\/\/carpentier-peintre.fr\/wp-content\/uploads\/2024\/12\/IMG-20240615-WA0014-1024x768.jpg\" alt=\"\" class=\"wp-image-221\" style=\"width:230px;height:auto\" srcset=\"https:\/\/carpentier-peintre.fr\/wp-content\/uploads\/2024\/12\/IMG-20240615-WA0014-1024x768.jpg 1024w, https:\/\/carpentier-peintre.fr\/wp-content\/uploads\/2024\/12\/IMG-20240615-WA0014-300x225.jpg 300w, https:\/\/carpentier-peintre.fr\/wp-content\/uploads\/2024\/12\/IMG-20240615-WA0014-768x576.jpg 768w, https:\/\/carpentier-peintre.fr\/wp-content\/uploads\/2024\/12\/IMG-20240615-WA0014-1536x1152.jpg 1536w, https:\/\/carpentier-peintre.fr\/wp-content\/uploads\/2024\/12\/IMG-20240615-WA0014-1240x930.jpg 1240w, https:\/\/carpentier-peintre.fr\/wp-content\/uploads\/2024\/12\/IMG-20240615-WA0014-508x381.jpg 508w, https:\/\/carpentier-peintre.fr\/wp-content\/uploads\/2024\/12\/IMG-20240615-WA0014.jpg 1600w\" sizes=\"auto, (max-width: 1024px) 100vw, 1024px\" \/><\/figure>\n\n\n\n<p><\/p>\n\n\n\n<p><\/p>\n\n\n\n<p class=\"has-text-color has-link-color wp-elements-e67592e23f36eaf5d6c21779aba6b547\" style=\"color:#f9a3a3\">Patrice Carpentier est artiste peintre et \u00e0 rejoint le Lot (46) depuis 2013 en provenance le r\u00e9gion Dijonnaise ou il particip\u00e9 \u00e0 de nombreuses exposition et  \u00e0 l&#8217;aventure de la &#8220;Galerie de Gemeaux&#8221; en tant que Pr\u00e9sident<\/p>\n\n\n\n<p class=\"has-text-color has-link-color wp-elements-e9afc5c2a22fceb3988ff8a48be66a34\" style=\"color:#f9a3a3\">Depuis les ann\u00e9es 80, il s&#8217;est mis \u00e0 la peinture \u00e0 l&#8217;huile apr\u00e8s le dessin.. Autodidacte aussi bien dans la peinture que dans  la musique ou il officie derriere une batterie..<\/p>\n\n\n\n<p class=\"has-text-color has-link-color wp-elements-62b803a8d4df686f106258547eb17311\" style=\"color:#f9a3a3\">Le principal centre d&#8217;int\u00e9r\u00eat de l&#8217;artiste est la nature dans tous ses \u00e9tats, Calme (Rarement) myst\u00e9rieuse (souvent) et en col\u00e8re (Tr\u00e8s souvent)&#8230; <\/p>\n\n\n\n<p class=\"has-text-color has-link-color wp-elements-5035f515b048c74975546e32345ee253\" style=\"color:#f9a3a3\">Des grands formats , mais pas que, et une technique de peinture \u00e0 l&#8217;huile  &#8220;gras sur maigre&#8221;<\/p>\n\n\n\n<blockquote class=\"wp-block-quote has-white-color has-very-light-gray-to-cyan-bluish-gray-gradient-background has-text-color has-background has-link-color wp-elements-8b842f2fbee298d9e651fcb4af4430b9 is-layout-flow wp-block-quote-is-layout-flow\">\n<p class=\"has-black-color has-very-light-gray-to-cyan-bluish-gray-gradient-background has-text-color has-background has-link-color wp-elements-faf74678294de672321d0d701e9b036c\">\u00ab&nbsp;De l\u2019eau, des arbres, une vie profonde, la nature vierge de l\u2019Homme, refuge absolu, expression d\u2019une vie sauvage qui jaillit des profondeurs, du ventre de la plan\u00e8te.<\/p>\n\n\n\n<p class=\"has-black-color has-text-color has-background has-link-color wp-elements-9f7f4fad1ec1fe8de6211a86c3537a1f\" style=\"background:linear-gradient(340deg,rgb(238,238,238) 0%,rgb(169,184,195) 100%)\">Des bruns, des gris, du noir, mais sous lesquels on devine du rouge, du bleu aussi&nbsp;: un bleu sp\u00e9cial hyper-travaill\u00e9. Mais dans tous ces paysages rudes, sourd une douceur vibrante, un rayon de lumi\u00e8re qui vient de l\u2019int\u00e9rieur.<\/p>\n\n\n\n<p class=\"has-black-color has-text-color has-background has-link-color wp-elements-25d8e78f15f1b1bcbe43b970c9c0d743\" style=\"background:linear-gradient(7deg,rgb(238,238,238) 0%,rgb(169,184,195) 100%)\">Au couteau, \u00e0 l\u2019huile, travaillant les couches de couleurs superpos\u00e9es, Patrice se bat avec ses immenses toiles comme avec ses d\u00e9mons. En fait, elles sont magnifi\u00e9es par la lumi\u00e8re qui fait na\u00eetre les ombres. La mer mugit et devient blanche de fureur \u00e0 l\u2019\u00eele d\u2019Yeu, les arbres se mirent dans l\u2019\u00e9tang de la Venarde et une lumi\u00e8re lunaire les \u00e9claire du fond de l\u2019eau, la nuit est de ce bleu unique qui n\u2019appartient qu\u2019\u00e0 l\u2019artiste, profond. Les n\u00e9nuphars allument quelques touches de vert inattendues et pleines d\u2019espoir.<\/p>\n\n\n\n<p class=\"has-black-color has-text-color has-background has-link-color wp-elements-9fccaa56e261010636b5a2d1d8b77e91\" style=\"background:linear-gradient(199deg,rgb(238,238,238) 0%,rgb(169,184,195) 100%)\">Les \u0153uvres de Patrice Carpentier sont des coups de poing qui vous atteignent en plein c\u0153ur, des cris d\u2019amour, d\u2019une force irr\u00e9pressible jaillissant des tripes. L\u2019artiste ne sait pas ce que veut dire ti\u00e9deur\u2026&nbsp;\u00bb<\/p>\n\n\n\n<p class=\"has-black-color has-text-color has-background has-link-color wp-elements-c0718b258bf9238969ed5671f13fe256\" style=\"background:linear-gradient(281deg,rgb(238,238,238) 0%,rgb(169,184,195) 100%)\"><em>H\u00e9l\u00e8ne FERNEL, journaliste.<\/em><\/p>\n<\/blockquote>\n\n\n\n<figure class=\"wp-block-gallery has-nested-images columns-default is-cropped wp-block-gallery-1 is-layout-flex wp-block-gallery-is-layout-flex\">\n<figure class=\"wp-block-image size-large\"><img loading=\"lazy\" decoding=\"async\" width=\"1024\" height=\"640\" data-id=\"171\" src=\"https:\/\/carpentier-peintre.fr\/wp-content\/uploads\/2024\/10\/cropped-arbres-noirs-sur-fond-bleu-1024x640.jpg\" alt=\"\" class=\"wp-image-171\" srcset=\"https:\/\/carpentier-peintre.fr\/wp-content\/uploads\/2024\/10\/cropped-arbres-noirs-sur-fond-bleu-1024x640.jpg 1024w, https:\/\/carpentier-peintre.fr\/wp-content\/uploads\/2024\/10\/cropped-arbres-noirs-sur-fond-bleu-300x188.jpg 300w, https:\/\/carpentier-peintre.fr\/wp-content\/uploads\/2024\/10\/cropped-arbres-noirs-sur-fond-bleu-768x480.jpg 768w, https:\/\/carpentier-peintre.fr\/wp-content\/uploads\/2024\/10\/cropped-arbres-noirs-sur-fond-bleu-1240x775.jpg 1240w, https:\/\/carpentier-peintre.fr\/wp-content\/uploads\/2024\/10\/cropped-arbres-noirs-sur-fond-bleu-508x318.jpg 508w, https:\/\/carpentier-peintre.fr\/wp-content\/uploads\/2024\/10\/cropped-arbres-noirs-sur-fond-bleu.jpg 1440w\" sizes=\"auto, (max-width: 1024px) 100vw, 1024px\" \/><\/figure>\n\n\n\n<figure class=\"wp-block-image size-large\"><img loading=\"lazy\" decoding=\"async\" width=\"1024\" height=\"640\" data-id=\"148\" src=\"https:\/\/carpentier-peintre.fr\/wp-content\/uploads\/2024\/10\/cropped-matin-1-1024x640.jpg\" alt=\"\" class=\"wp-image-148\" srcset=\"https:\/\/carpentier-peintre.fr\/wp-content\/uploads\/2024\/10\/cropped-matin-1-1024x640.jpg 1024w, https:\/\/carpentier-peintre.fr\/wp-content\/uploads\/2024\/10\/cropped-matin-1-300x188.jpg 300w, https:\/\/carpentier-peintre.fr\/wp-content\/uploads\/2024\/10\/cropped-matin-1-768x480.jpg 768w, https:\/\/carpentier-peintre.fr\/wp-content\/uploads\/2024\/10\/cropped-matin-1-1240x775.jpg 1240w, https:\/\/carpentier-peintre.fr\/wp-content\/uploads\/2024\/10\/cropped-matin-1-508x318.jpg 508w, https:\/\/carpentier-peintre.fr\/wp-content\/uploads\/2024\/10\/cropped-matin-1.jpg 1440w\" sizes=\"auto, (max-width: 1024px) 100vw, 1024px\" \/><\/figure>\n\n\n\n<figure class=\"wp-block-image size-large\"><img loading=\"lazy\" decoding=\"async\" width=\"1024\" height=\"640\" data-id=\"155\" src=\"https:\/\/carpentier-peintre.fr\/wp-content\/uploads\/2024\/10\/cropped-IMGP2424-1024x640.jpg\" alt=\"\" class=\"wp-image-155\" srcset=\"https:\/\/carpentier-peintre.fr\/wp-content\/uploads\/2024\/10\/cropped-IMGP2424-1024x640.jpg 1024w, https:\/\/carpentier-peintre.fr\/wp-content\/uploads\/2024\/10\/cropped-IMGP2424-300x188.jpg 300w, https:\/\/carpentier-peintre.fr\/wp-content\/uploads\/2024\/10\/cropped-IMGP2424-768x480.jpg 768w, https:\/\/carpentier-peintre.fr\/wp-content\/uploads\/2024\/10\/cropped-IMGP2424-1240x775.jpg 1240w, https:\/\/carpentier-peintre.fr\/wp-content\/uploads\/2024\/10\/cropped-IMGP2424-508x318.jpg 508w, https:\/\/carpentier-peintre.fr\/wp-content\/uploads\/2024\/10\/cropped-IMGP2424.jpg 1440w\" sizes=\"auto, (max-width: 1024px) 100vw, 1024px\" \/><\/figure>\n<\/figure>\n\n\n\n<p class=\"has-white-color has-text-color has-link-color wp-elements-d5786233a90effba3bd62f2eb231b34e\">&nbsp; &nbsp; &nbsp; &nbsp; &nbsp; &nbsp;<\/p>\n\n\n\n<h6 class=\"wp-block-heading alignfull has-dark-gray-background-color has-text-color has-background has-link-color has-large-font-size wp-elements-4187866bd920cef5c7820409087d4b56\" style=\"color:#ebf288\"><strong> L&#8217;artiste ne doit pas copier la nature mais prendre les elements de la nature et cr\u00e9er un nouvel \u00e9l\u00e9ment<\/strong><\/h6>\n\n\n\n<p class=\"has-text-align-center\">&nbsp; &nbsp; &nbsp;&nbsp; &nbsp; &nbsp; &nbsp; &nbsp; &nbsp;<\/p>\n\n\n\n<div class=\"wp-block-columns is-layout-flex wp-container-core-columns-is-layout-9d6595d7 wp-block-columns-is-layout-flex\"><\/div>\n\n\n\n<h2 class=\"wp-block-heading\"><\/h2>\n\n\n\n<p class=\"has-text-color has-link-color wp-elements-287db9140805d351c9d853f064e6e475\" style=\"color:#e0ec84\"><\/p>\n\n\n\n<p class=\"has-background\" style=\"background:linear-gradient(135deg,rgb(238,238,238) 0%,rgb(9,8,8) 68%,rgb(169,184,195) 100%)\"><\/p>\n\n\n\n<div class=\"wp-block-media-text alignwide has-media-on-the-right is-stacked-on-mobile is-vertically-aligned-bottom\" style=\"grid-template-columns:auto 83%\"><div class=\"wp-block-media-text__content\">\n<p><\/p>\n<\/div><figure class=\"wp-block-media-text__media\"><img loading=\"lazy\" decoding=\"async\" width=\"800\" height=\"565\" src=\"http:\/\/carpentier-peintre.fr\/wp-content\/uploads\/2025\/05\/IMGP6030-800x565-1.jpg\" alt=\"\" class=\"wp-image-519 size-full\" srcset=\"https:\/\/carpentier-peintre.fr\/wp-content\/uploads\/2025\/05\/IMGP6030-800x565-1.jpg 800w, https:\/\/carpentier-peintre.fr\/wp-content\/uploads\/2025\/05\/IMGP6030-800x565-1-300x212.jpg 300w, https:\/\/carpentier-peintre.fr\/wp-content\/uploads\/2025\/05\/IMGP6030-800x565-1-768x542.jpg 768w, https:\/\/carpentier-peintre.fr\/wp-content\/uploads\/2025\/05\/IMGP6030-800x565-1-508x359.jpg 508w\" sizes=\"auto, (max-width: 800px) 100vw, 800px\" \/><\/figure><\/div>\n\n\n\n<div class=\"wp-block-media-text alignwide is-stacked-on-mobile\"><figure class=\"wp-block-media-text__media\"><img loading=\"lazy\" decoding=\"async\" width=\"820\" height=\"1024\" src=\"http:\/\/carpentier-peintre.fr\/wp-content\/uploads\/2025\/05\/IMG_1147-820x1024.jpg\" alt=\"\" class=\"wp-image-443 size-full\" srcset=\"https:\/\/carpentier-peintre.fr\/wp-content\/uploads\/2025\/05\/IMG_1147-820x1024.jpg 820w, https:\/\/carpentier-peintre.fr\/wp-content\/uploads\/2025\/05\/IMG_1147-240x300.jpg 240w, https:\/\/carpentier-peintre.fr\/wp-content\/uploads\/2025\/05\/IMG_1147-768x959.jpg 768w, https:\/\/carpentier-peintre.fr\/wp-content\/uploads\/2025\/05\/IMG_1147-1230x1536.jpg 1230w, https:\/\/carpentier-peintre.fr\/wp-content\/uploads\/2025\/05\/IMG_1147-1640x2048.jpg 1640w, https:\/\/carpentier-peintre.fr\/wp-content\/uploads\/2025\/05\/IMG_1147-1240x1549.jpg 1240w, https:\/\/carpentier-peintre.fr\/wp-content\/uploads\/2025\/05\/IMG_1147-508x634.jpg 508w, https:\/\/carpentier-peintre.fr\/wp-content\/uploads\/2025\/05\/IMG_1147.jpg 2004w\" sizes=\"auto, (max-width: 820px) 100vw, 820px\" \/><\/figure><div class=\"wp-block-media-text__content\">\n<p><\/p>\n<\/div><\/div>\n","protected":false},"excerpt":{"rendered":"<p>Patrice Carpentier est artiste peintre et \u00e0 rejoint le Lot (46) depuis 2013 en provenance le r\u00e9gion Dijonnaise ou il particip\u00e9 \u00e0 de nombreuses exposition et \u00e0 l&#8217;aventure de la &#8220;Galerie de Gemeaux&#8221; en tant que Pr\u00e9sident Depuis les ann\u00e9es 80, il s&#8217;est mis \u00e0 la peinture \u00e0 l&#8217;huile apr\u00e8s le dessin.. Autodidacte aussi bien [&hellip;]<\/p>\n","protected":false},"author":1,"featured_media":0,"parent":0,"menu_order":0,"comment_status":"open","ping_status":"open","template":"","meta":{"footnotes":""},"class_list":["post-2","page","type-page","status-publish","hentry"],"_links":{"self":[{"href":"https:\/\/carpentier-peintre.fr\/index.php\/wp-json\/wp\/v2\/pages\/2","targetHints":{"allow":["GET"]}}],"collection":[{"href":"https:\/\/carpentier-peintre.fr\/index.php\/wp-json\/wp\/v2\/pages"}],"about":[{"href":"https:\/\/carpentier-peintre.fr\/index.php\/wp-json\/wp\/v2\/types\/page"}],"author":[{"embeddable":true,"href":"https:\/\/carpentier-peintre.fr\/index.php\/wp-json\/wp\/v2\/users\/1"}],"replies":[{"embeddable":true,"href":"https:\/\/carpentier-peintre.fr\/index.php\/wp-json\/wp\/v2\/comments?post=2"}],"version-history":[{"count":93,"href":"https:\/\/carpentier-peintre.fr\/index.php\/wp-json\/wp\/v2\/pages\/2\/revisions"}],"predecessor-version":[{"id":560,"href":"https:\/\/carpentier-peintre.fr\/index.php\/wp-json\/wp\/v2\/pages\/2\/revisions\/560"}],"wp:attachment":[{"href":"https:\/\/carpentier-peintre.fr\/index.php\/wp-json\/wp\/v2\/media?parent=2"}],"curies":[{"name":"wp","href":"https:\/\/api.w.org\/{rel}","templated":true}]}}

<figure class="wp-block-image size-large is-resized"><img loading="lazy" decoding="async" width="1024" height="768" src="http://carpentier-peintre.fr/wp-content/uploads/2024/12/IMG-20240615-WA0014-1024x768.jpg" alt="" class="wp-image-221" style="width:230px;height:auto" srcset="https://carpentier-peintre.fr/wp-content/uploads/2024/12/IMG-20240615-WA0014-1024x768.jpg 1024w, https://carpentier-peintre.fr/wp-content/uploads/2024/12/IMG-20240615-WA0014-300x225.jpg 300w, https://carpentier-peintre.fr/wp-content/uploads/2024/12/IMG-20240615-WA0014-768x576.jpg 768w, https://carpentier-peintre.fr/wp-content/uploads/2024/12/IMG-20240615-WA0014-1536x1152.jpg 1536w, https://carpentier-peintre.fr/wp-content/uploads/2024/12/IMG-20240615-WA0014-1240x930.jpg 1240w, https://carpentier-peintre.fr/wp-content/uploads/2024/12/IMG-20240615-WA0014-508x381.jpg 508w, https://carpentier-peintre.fr/wp-content/uploads/2024/12/IMG-20240615-WA0014.jpg 1600w" sizes="auto, (max-width: 1024px) 100vw, 1024px" /></figure>



<p></p>



<p></p>



<p class="has-text-color has-link-color wp-elements-e67592e23f36eaf5d6c21779aba6b547" style="color:#f9a3a3">Patrice Carpentier est artiste peintre et à rejoint le Lot (46) depuis 2013 en provenance le région Dijonnaise ou il participé à de nombreuses exposition et  à l&#8217;aventure de la &#8220;Galerie de Gemeaux&#8221; en tant que Président</p>



<p class="has-text-color has-link-color wp-elements-e9afc5c2a22fceb3988ff8a48be66a34" style="color:#f9a3a3">Depuis les années 80, il s&#8217;est mis à la peinture à l&#8217;huile après le dessin.. Autodidacte aussi bien dans la peinture que dans  la musique ou il officie derriere une batterie..</p>



<p class="has-text-color has-link-color wp-elements-62b803a8d4df686f106258547eb17311" style="color:#f9a3a3">Le principal centre d&#8217;intérêt de l&#8217;artiste est la nature dans tous ses états, Calme (Rarement) mystérieuse (souvent) et en colère (Très souvent)&#8230; </p>



<p class="has-text-color has-link-color wp-elements-5035f515b048c74975546e32345ee253" style="color:#f9a3a3">Des grands formats , mais pas que, et une technique de peinture à l&#8217;huile  &#8220;gras sur maigre&#8221;</p>



<blockquote class="wp-block-quote has-white-color has-very-light-gray-to-cyan-bluish-gray-gradient-background has-text-color has-background has-link-color wp-elements-8b842f2fbee298d9e651fcb4af4430b9 is-layout-flow wp-block-quote-is-layout-flow">
<p class="has-black-color has-very-light-gray-to-cyan-bluish-gray-gradient-background has-text-color has-background has-link-color wp-elements-faf74678294de672321d0d701e9b036c">«&nbsp;De l’eau, des arbres, une vie profonde, la nature vierge de l’Homme, refuge absolu, expression d’une vie sauvage qui jaillit des profondeurs, du ventre de la planète.</p>



<p class="has-black-color has-text-color has-background has-link-color wp-elements-9f7f4fad1ec1fe8de6211a86c3537a1f" style="background:linear-gradient(340deg,rgb(238,238,238) 0%,rgb(169,184,195) 100%)">Des bruns, des gris, du noir, mais sous lesquels on devine du rouge, du bleu aussi&nbsp;: un bleu spécial hyper-travaillé. Mais dans tous ces paysages rudes, sourd une douceur vibrante, un rayon de lumière qui vient de l’intérieur.</p>



<p class="has-black-color has-text-color has-background has-link-color wp-elements-25d8e78f15f1b1bcbe43b970c9c0d743" style="background:linear-gradient(7deg,rgb(238,238,238) 0%,rgb(169,184,195) 100%)">Au couteau, à l’huile, travaillant les couches de couleurs superposées, Patrice se bat avec ses immenses toiles comme avec ses démons. En fait, elles sont magnifiées par la lumière qui fait naître les ombres. La mer mugit et devient blanche de fureur à l’île d’Yeu, les arbres se mirent dans l’étang de la Venarde et une lumière lunaire les éclaire du fond de l’eau, la nuit est de ce bleu unique qui n’appartient qu’à l’artiste, profond. Les nénuphars allument quelques touches de vert inattendues et pleines d’espoir.</p>



<p class="has-black-color has-text-color has-background has-link-color wp-elements-9fccaa56e261010636b5a2d1d8b77e91" style="background:linear-gradient(199deg,rgb(238,238,238) 0%,rgb(169,184,195) 100%)">Les œuvres de Patrice Carpentier sont des coups de poing qui vous atteignent en plein cœur, des cris d’amour, d’une force irrépressible jaillissant des tripes. L’artiste ne sait pas ce que veut dire tiédeur…&nbsp;»</p>



<p class="has-black-color has-text-color has-background has-link-color wp-elements-c0718b258bf9238969ed5671f13fe256" style="background:linear-gradient(281deg,rgb(238,238,238) 0%,rgb(169,184,195) 100%)"><em>Hélène FERNEL, journaliste.</em></p>
</blockquote>



<figure class="wp-block-gallery has-nested-images columns-default is-cropped wp-block-gallery-1 is-layout-flex wp-block-gallery-is-layout-flex">
<figure class="wp-block-image size-large"><img loading="lazy" decoding="async" width="1024" height="640" data-id="171" src="https://carpentier-peintre.fr/wp-content/uploads/2024/10/cropped-arbres-noirs-sur-fond-bleu-1024x640.jpg" alt="" class="wp-image-171" srcset="https://carpentier-peintre.fr/wp-content/uploads/2024/10/cropped-arbres-noirs-sur-fond-bleu-1024x640.jpg 1024w, https://carpentier-peintre.fr/wp-content/uploads/2024/10/cropped-arbres-noirs-sur-fond-bleu-300x188.jpg 300w, https://carpentier-peintre.fr/wp-content/uploads/2024/10/cropped-arbres-noirs-sur-fond-bleu-768x480.jpg 768w, https://carpentier-peintre.fr/wp-content/uploads/2024/10/cropped-arbres-noirs-sur-fond-bleu-1240x775.jpg 1240w, https://carpentier-peintre.fr/wp-content/uploads/2024/10/cropped-arbres-noirs-sur-fond-bleu-508x318.jpg 508w, https://carpentier-peintre.fr/wp-content/uploads/2024/10/cropped-arbres-noirs-sur-fond-bleu.jpg 1440w" sizes="auto, (max-width: 1024px) 100vw, 1024px" /></figure>



<figure class="wp-block-image size-large"><img loading="lazy" decoding="async" width="1024" height="640" data-id="148" src="https://carpentier-peintre.fr/wp-content/uploads/2024/10/cropped-matin-1-1024x640.jpg" alt="" class="wp-image-148" srcset="https://carpentier-peintre.fr/wp-content/uploads/2024/10/cropped-matin-1-1024x640.jpg 1024w, https://carpentier-peintre.fr/wp-content/uploads/2024/10/cropped-matin-1-300x188.jpg 300w, https://carpentier-peintre.fr/wp-content/uploads/2024/10/cropped-matin-1-768x480.jpg 768w, https://carpentier-peintre.fr/wp-content/uploads/2024/10/cropped-matin-1-1240x775.jpg 1240w, https://carpentier-peintre.fr/wp-content/uploads/2024/10/cropped-matin-1-508x318.jpg 508w, https://carpentier-peintre.fr/wp-content/uploads/2024/10/cropped-matin-1.jpg 1440w" sizes="auto, (max-width: 1024px) 100vw, 1024px" /></figure>



<figure class="wp-block-image size-large"><img loading="lazy" decoding="async" width="1024" height="640" data-id="155" src="https://carpentier-peintre.fr/wp-content/uploads/2024/10/cropped-IMGP2424-1024x640.jpg" alt="" class="wp-image-155" srcset="https://carpentier-peintre.fr/wp-content/uploads/2024/10/cropped-IMGP2424-1024x640.jpg 1024w, https://carpentier-peintre.fr/wp-content/uploads/2024/10/cropped-IMGP2424-300x188.jpg 300w, https://carpentier-peintre.fr/wp-content/uploads/2024/10/cropped-IMGP2424-768x480.jpg 768w, https://carpentier-peintre.fr/wp-content/uploads/2024/10/cropped-IMGP2424-1240x775.jpg 1240w, https://carpentier-peintre.fr/wp-content/uploads/2024/10/cropped-IMGP2424-508x318.jpg 508w, https://carpentier-peintre.fr/wp-content/uploads/2024/10/cropped-IMGP2424.jpg 1440w" sizes="auto, (max-width: 1024px) 100vw, 1024px" /></figure>
</figure>



<p class="has-white-color has-text-color has-link-color wp-elements-d5786233a90effba3bd62f2eb231b34e">&nbsp; &nbsp; &nbsp; &nbsp; &nbsp; &nbsp;</p>



<h6 class="wp-block-heading alignfull has-dark-gray-background-color has-text-color has-background has-link-color has-large-font-size wp-elements-4187866bd920cef5c7820409087d4b56" style="color:#ebf288"><strong> L&#8217;artiste ne doit pas copier la nature mais prendre les elements de la nature et créer un nouvel élément</strong></h6>



<p class="has-text-align-center">&nbsp; &nbsp; &nbsp;&nbsp; &nbsp; &nbsp; &nbsp; &nbsp; &nbsp;</p>



<div class="wp-block-columns is-layout-flex wp-container-core-columns-is-layout-9d6595d7 wp-block-columns-is-layout-flex"></div>



<h2 class="wp-block-heading"></h2>



<p class="has-text-color has-link-color wp-elements-287db9140805d351c9d853f064e6e475" style="color:#e0ec84"></p>



<p class="has-background" style="background:linear-gradient(135deg,rgb(238,238,238) 0%,rgb(9,8,8) 68%,rgb(169,184,195) 100%)"></p>



<div class="wp-block-media-text alignwide has-media-on-the-right is-stacked-on-mobile is-vertically-aligned-bottom" style="grid-template-columns:auto 83%"><div class="wp-block-media-text__content">
<p></p>
</div><figure class="wp-block-media-text__media"><img loading="lazy" decoding="async" width="800" height="565" src="http://carpentier-peintre.fr/wp-content/uploads/2025/05/IMGP6030-800x565-1.jpg" alt="" class="wp-image-519 size-full" srcset="https://carpentier-peintre.fr/wp-content/uploads/2025/05/IMGP6030-800x565-1.jpg 800w, https://carpentier-peintre.fr/wp-content/uploads/2025/05/IMGP6030-800x565-1-300x212.jpg 300w, https://carpentier-peintre.fr/wp-content/uploads/2025/05/IMGP6030-800x565-1-768x542.jpg 768w, https://carpentier-peintre.fr/wp-content/uploads/2025/05/IMGP6030-800x565-1-508x359.jpg 508w" sizes="auto, (max-width: 800px) 100vw, 800px" /></figure></div>



<div class="wp-block-media-text alignwide is-stacked-on-mobile"><figure class="wp-block-media-text__media"><img loading="lazy" decoding="async" width="820" height="1024" src="http://carpentier-peintre.fr/wp-content/uploads/2025/05/IMG_1147-820x1024.jpg" alt="" class="wp-image-443 size-full" srcset="https://carpentier-peintre.fr/wp-content/uploads/2025/05/IMG_1147-820x1024.jpg 820w, https://carpentier-peintre.fr/wp-content/uploads/2025/05/IMG_1147-240x300.jpg 240w, https://carpentier-peintre.fr/wp-content/uploads/2025/05/IMG_1147-768x959.jpg 768w, https://carpentier-peintre.fr/wp-content/uploads/2025/05/IMG_1147-1230x1536.jpg 1230w, https://carpentier-peintre.fr/wp-content/uploads/2025/05/IMG_1147-1640x2048.jpg 1640w, https://carpentier-peintre.fr/wp-content/uploads/2025/05/IMG_1147-1240x1549.jpg 1240w, https://carpentier-peintre.fr/wp-content/uploads/2025/05/IMG_1147-508x634.jpg 508w, https://carpentier-peintre.fr/wp-content/uploads/2025/05/IMG_1147.jpg 2004w" sizes="auto, (max-width: 820px) 100vw, 820px" /></figure><div class="wp-block-media-text__content">
<p></p>
</div></div>

<p>Patrice Carpentier est artiste peintre et à rejoint le Lot (46) depuis 2013 en provenance le région Dijonnaise ou il participé à de nombreuses exposition et à l&#8217;aventure de la &#8220;Galerie de Gemeaux&#8221; en tant que Président Depuis les années 80, il s&#8217;est mis à la peinture à l&#8217;huile après le dessin.. Autodidacte aussi bien [&hellip;]</p>
