{"id":64,"date":"2024-10-24T14:51:53","date_gmt":"2024-10-24T12:51:53","guid":{"rendered":"https:\/\/carpentier-peintre.fr\/?page_id=64"},"modified":"2025-05-23T16:54:53","modified_gmt":"2025-05-23T14:54:53","slug":"expos","status":"publish","type":"page","link":"https:\/\/carpentier-peintre.fr\/index.php\/expos\/","title":{"rendered":"Expositions"},"content":{"rendered":"\n<h2 class=\"wp-block-heading has-text-align-center has-text-color has-link-color wp-elements-533ce37c4bcb3be128e775c589045256\" style=\"color:#f8b2b2\">&#8220;<em>L&#8217;artiste ne doit pas copier la nature, mais prendre les \u00e9lements de la nature et cr\u00e9er un nouvel \u00e9lement.<\/em>&#8220;<\/h2>\n\n\n\n<p class=\"has-text-color has-link-color has-large-font-size wp-elements-587c25e1156b39445584ee4c9f7d72f1\" style=\"color:#96f76d\">Prochaine exposition \u00e0 St Chamarand Aout 2025<\/p>\n\n\n\n<p class=\"has-text-color has-link-color wp-elements-23acef3252163c9dfb6fe880f1563ac6\" style=\"color:#e99797\"><\/p>\n\n\n\n<div class=\"wp-block-media-text is-stacked-on-mobile\"><figure class=\"wp-block-media-text__media\"><img loading=\"lazy\" decoding=\"async\" width=\"1024\" height=\"556\" src=\"http:\/\/carpentier-peintre.fr\/wp-content\/uploads\/2024\/10\/IMG20240916180012-1024x556.jpg\" alt=\"\" class=\"wp-image-123 size-full\" srcset=\"https:\/\/carpentier-peintre.fr\/wp-content\/uploads\/2024\/10\/IMG20240916180012-1024x556.jpg 1024w, https:\/\/carpentier-peintre.fr\/wp-content\/uploads\/2024\/10\/IMG20240916180012-300x163.jpg 300w, https:\/\/carpentier-peintre.fr\/wp-content\/uploads\/2024\/10\/IMG20240916180012-768x417.jpg 768w, https:\/\/carpentier-peintre.fr\/wp-content\/uploads\/2024\/10\/IMG20240916180012-1240x673.jpg 1240w, https:\/\/carpentier-peintre.fr\/wp-content\/uploads\/2024\/10\/IMG20240916180012-508x276.jpg 508w, https:\/\/carpentier-peintre.fr\/wp-content\/uploads\/2024\/10\/IMG20240916180012.jpg 1473w\" sizes=\"auto, (max-width: 1024px) 100vw, 1024px\" \/><\/figure><div class=\"wp-block-media-text__content\">\n<p class=\"has-text-color has-link-color wp-elements-79d8b08d066994282ca7bfa603d61aa2\" style=\"color:#f5d590\">Exposition de &#8221; l&#8217;Eau d&#8217;ici \u00e0 l&#8217;eau de l\u00e0&#8221; Exposition itin\u00e9rante organis\u00e9e par la &#8221; Communaut\u00e9 de communes Quercy Bouriane&#8221; ( Lot) de Avril \u00e0 Novembre 2024<\/p>\n<\/div><\/div>\n\n\n\n<div class=\"wp-block-media-text has-media-on-the-right is-stacked-on-mobile\"><div class=\"wp-block-media-text__content\">\n<p><\/p>\n<\/div><figure class=\"wp-block-media-text__media\"><img loading=\"lazy\" decoding=\"async\" width=\"1024\" height=\"567\" src=\"http:\/\/carpentier-peintre.fr\/wp-content\/uploads\/2024\/10\/IMG20240402151243-1024x567.jpg\" alt=\"\" class=\"wp-image-122 size-full\" srcset=\"https:\/\/carpentier-peintre.fr\/wp-content\/uploads\/2024\/10\/IMG20240402151243-1024x567.jpg 1024w, https:\/\/carpentier-peintre.fr\/wp-content\/uploads\/2024\/10\/IMG20240402151243-300x166.jpg 300w, https:\/\/carpentier-peintre.fr\/wp-content\/uploads\/2024\/10\/IMG20240402151243-768x425.jpg 768w, https:\/\/carpentier-peintre.fr\/wp-content\/uploads\/2024\/10\/IMG20240402151243-1240x687.jpg 1240w, https:\/\/carpentier-peintre.fr\/wp-content\/uploads\/2024\/10\/IMG20240402151243-508x281.jpg 508w, https:\/\/carpentier-peintre.fr\/wp-content\/uploads\/2024\/10\/IMG20240402151243.jpg 1444w\" sizes=\"auto, (max-width: 1024px) 100vw, 1024px\" \/><\/figure><\/div>\n\n\n\n<p class=\"has-text-color has-link-color wp-elements-23acef3252163c9dfb6fe880f1563ac6\" style=\"color:#e99797\"><\/p>\n\n\n\n<div class=\"wp-block-media-text is-stacked-on-mobile\"><figure class=\"wp-block-media-text__media\"><img loading=\"lazy\" decoding=\"async\" width=\"1024\" height=\"631\" src=\"http:\/\/carpentier-peintre.fr\/wp-content\/uploads\/2025\/05\/IMG20220729174146-1024x631.jpg\" alt=\"exposition &quot;ARBORE&quot; Gourdon\" class=\"wp-image-404 size-full\" srcset=\"https:\/\/carpentier-peintre.fr\/wp-content\/uploads\/2025\/05\/IMG20220729174146-1024x631.jpg 1024w, https:\/\/carpentier-peintre.fr\/wp-content\/uploads\/2025\/05\/IMG20220729174146-300x185.jpg 300w, https:\/\/carpentier-peintre.fr\/wp-content\/uploads\/2025\/05\/IMG20220729174146-768x473.jpg 768w, https:\/\/carpentier-peintre.fr\/wp-content\/uploads\/2025\/05\/IMG20220729174146-1536x947.jpg 1536w, https:\/\/carpentier-peintre.fr\/wp-content\/uploads\/2025\/05\/IMG20220729174146-2048x1262.jpg 2048w, https:\/\/carpentier-peintre.fr\/wp-content\/uploads\/2025\/05\/IMG20220729174146-1240x764.jpg 1240w, https:\/\/carpentier-peintre.fr\/wp-content\/uploads\/2025\/05\/IMG20220729174146-508x313.jpg 508w\" sizes=\"auto, (max-width: 1024px) 100vw, 1024px\" \/><\/figure><div class=\"wp-block-media-text__content\">\n<p class=\"has-text-color has-link-color wp-elements-b45a24ea6601d09adacbe2fdd0b52192\" style=\"color:#eddc9d\">Exposition&#8221;Arbor\u00e9&#8221; avec 4 autres artistes \u00e9glise des Cordeliers \u00e0 Gourdon (Lot) Juillet Ao\u00fbt 2022<\/p>\n\n\n\n<h2 class=\"wp-block-heading\"><\/h2>\n<\/div><\/div>\n\n\n\n<p class=\"has-text-color has-link-color wp-elements-8b94053083b8ef519e9a930f0f24a7bb\" style=\"color:#eeb5b5\"><\/p>\n\n\n\n<div class=\"wp-block-media-text has-media-on-the-right is-stacked-on-mobile\"><div class=\"wp-block-media-text__content\">\n<p class=\"has-text-color has-link-color wp-elements-81e6b409c5b6cf82d9f84a03c66745cc\" style=\"color:#f0e099\">Exposition salle des consuls \u00e0 Gourdon (Lot) Mai 2019.<\/p>\n\n\n\n<h2 class=\"wp-block-heading\"><\/h2>\n<\/div><figure class=\"wp-block-media-text__media\"><img loading=\"lazy\" decoding=\"async\" width=\"1024\" height=\"595\" src=\"http:\/\/carpentier-peintre.fr\/wp-content\/uploads\/2025\/05\/IMGP0992-1024x595.jpg\" alt=\"\" class=\"wp-image-466 size-full\" srcset=\"https:\/\/carpentier-peintre.fr\/wp-content\/uploads\/2025\/05\/IMGP0992-1024x595.jpg 1024w, https:\/\/carpentier-peintre.fr\/wp-content\/uploads\/2025\/05\/IMGP0992-300x174.jpg 300w, https:\/\/carpentier-peintre.fr\/wp-content\/uploads\/2025\/05\/IMGP0992-768x446.jpg 768w, https:\/\/carpentier-peintre.fr\/wp-content\/uploads\/2025\/05\/IMGP0992-1536x892.jpg 1536w, https:\/\/carpentier-peintre.fr\/wp-content\/uploads\/2025\/05\/IMGP0992-2048x1190.jpg 2048w, https:\/\/carpentier-peintre.fr\/wp-content\/uploads\/2025\/05\/IMGP0992-1240x720.jpg 1240w, https:\/\/carpentier-peintre.fr\/wp-content\/uploads\/2025\/05\/IMGP0992-508x295.jpg 508w\" sizes=\"auto, (max-width: 1024px) 100vw, 1024px\" \/><\/figure><\/div>\n\n\n\n<p class=\"has-text-color has-link-color wp-elements-8b94053083b8ef519e9a930f0f24a7bb\" style=\"color:#eeb5b5\"><\/p>\n\n\n\n<div class=\"wp-block-media-text is-stacked-on-mobile\"><figure class=\"wp-block-media-text__media\"><img loading=\"lazy\" decoding=\"async\" width=\"1024\" height=\"490\" src=\"http:\/\/carpentier-peintre.fr\/wp-content\/uploads\/2025\/05\/DSC_0357-scaled-e1747927874949-1024x490.jpg\" alt=\"\" class=\"wp-image-470 size-full\" srcset=\"https:\/\/carpentier-peintre.fr\/wp-content\/uploads\/2025\/05\/DSC_0357-scaled-e1747927874949-1024x490.jpg 1024w, https:\/\/carpentier-peintre.fr\/wp-content\/uploads\/2025\/05\/DSC_0357-scaled-e1747927874949-300x143.jpg 300w, https:\/\/carpentier-peintre.fr\/wp-content\/uploads\/2025\/05\/DSC_0357-scaled-e1747927874949-768x367.jpg 768w, https:\/\/carpentier-peintre.fr\/wp-content\/uploads\/2025\/05\/DSC_0357-scaled-e1747927874949-1240x593.jpg 1240w, https:\/\/carpentier-peintre.fr\/wp-content\/uploads\/2025\/05\/DSC_0357-scaled-e1747927874949-508x243.jpg 508w, https:\/\/carpentier-peintre.fr\/wp-content\/uploads\/2025\/05\/DSC_0357-scaled-e1747927874949.jpg 1276w\" sizes=\"auto, (max-width: 1024px) 100vw, 1024px\" \/><\/figure><div class=\"wp-block-media-text__content\">\n<p class=\"has-text-color has-link-color wp-elements-a62372f12b0d4e3e7c3aec3256688ced\" style=\"color:#f09999\">Exposition dans l&#8217;\u00e9glise de&nbsp; Marcillac st Quentin (24) avec 14 artistes Juillet-Ao\u00fbt 2018<\/p>\n<\/div><\/div>\n\n\n\n<p><\/p>\n\n\n\n<div class=\"wp-block-media-text has-media-on-the-right is-stacked-on-mobile\"><div class=\"wp-block-media-text__content\">\n<p class=\"has-text-color has-link-color wp-elements-25b0ccde3ce116347c9c364d7db6a152\" style=\"color:#f5dda9\">Exposition &#8220;BOIS PASSION&#8221; Expo collective&#8230; Espace des Cordeliers de Gourdon Avril Mai 2018<\/p>\n\n\n\n<h2 class=\"wp-block-heading has-small-font-size\"><\/h2>\n<\/div><figure class=\"wp-block-media-text__media\"><img loading=\"lazy\" decoding=\"async\" width=\"1024\" height=\"644\" src=\"http:\/\/carpentier-peintre.fr\/wp-content\/uploads\/2025\/05\/IMGP0434-1024x644.jpg\" alt=\"\" class=\"wp-image-467 size-full\" srcset=\"https:\/\/carpentier-peintre.fr\/wp-content\/uploads\/2025\/05\/IMGP0434-1024x644.jpg 1024w, https:\/\/carpentier-peintre.fr\/wp-content\/uploads\/2025\/05\/IMGP0434-300x189.jpg 300w, https:\/\/carpentier-peintre.fr\/wp-content\/uploads\/2025\/05\/IMGP0434-768x483.jpg 768w, https:\/\/carpentier-peintre.fr\/wp-content\/uploads\/2025\/05\/IMGP0434-1536x966.jpg 1536w, https:\/\/carpentier-peintre.fr\/wp-content\/uploads\/2025\/05\/IMGP0434-2048x1288.jpg 2048w, https:\/\/carpentier-peintre.fr\/wp-content\/uploads\/2025\/05\/IMGP0434-1240x780.jpg 1240w, https:\/\/carpentier-peintre.fr\/wp-content\/uploads\/2025\/05\/IMGP0434-508x320.jpg 508w\" sizes=\"auto, (max-width: 1024px) 100vw, 1024px\" \/><\/figure><\/div>\n\n\n\n<p class=\"has-text-color has-link-color wp-elements-8b94053083b8ef519e9a930f0f24a7bb\" style=\"color:#eeb5b5\"><\/p>\n\n\n\n<p class=\"has-text-color has-link-color wp-elements-0729463062c528bead98effc8ce898a7\" style=\"color:#e18383\"><\/p>\n\n\n\n<p class=\"has-text-color has-link-color wp-elements-05abea57f4cd0590fda093ae5ef00435\" style=\"color:#f0e7c5\">Exposition &nbsp;\u00e0 l&#8217;\u00e9glise des Cordeliers de Gourdon (Lot) Juin 2016<\/p>\n\n\n\n<p class=\"has-text-color has-link-color wp-elements-31000bf639a32330896201d1c0cd33bf\" style=\"color:#f0e7c5\">Exposition au chateau de Saint Chamarand (Lot) Ao\u00fbt 2015<\/p>\n\n\n\n<p class=\"has-text-color has-link-color wp-elements-0687c7c235d3ce4193b08ba0ed6fab04\" style=\"color:#f0e7c5\">Exposition au ch\u00e2teau de Peyrilles (Lot) Juillet 2015<\/p>\n\n\n\n<p class=\"has-text-color has-link-color wp-elements-381f3d774e8ccf24e42a7eb57650b593\" style=\"color:#f0e7c5\">Expo &#8220;Vibrations v\u00e9g\u00e9tales&#8221; avec joel Petot (sculpteur) salle de la coupole \u00e0 Dijon 2012<\/p>\n\n\n\n<p class=\"has-text-color has-link-color wp-elements-5d362155a8141a617fd3b42f1b08793f\" style=\"color:#f0e7c5\">Expo &#8220;AIR&#8221; soci\u00e9t\u00e9 ERIC zac de Fontaine l\u00e8s Dijon Juillet 2013 avec 10 artistes de la r\u00e9gion bourgogne sur le th\u00e8me de l&#8217;air<\/p>\n\n\n\n<p class=\"has-text-color has-link-color wp-elements-c6c1d41b54394ddd1ce3f4d5c20c69cc\" style=\"color:#f0e7c5\">Expo &#8220;La Tars, Hulotte&#8221; Octobre 2013, avec 14 artistes de la r\u00e9gion Dijonnaise dans le village de Tarsul (Cote d&#8217;or 21)<br><br>Expo &#8220;EVAsions des arts contemporains&#8221; Aout 2013 : 32 artistes dans 4 villages: Villy-en Auxois, Salmaise, Verrey sous Salmaise, Villeberry et le prix des gal\u00e9ristes pour Patrice Carpentier <\/p>\n\n\n\n<div class=\"wp-block-media-text is-stacked-on-mobile\"><figure class=\"wp-block-media-text__media\"><img loading=\"lazy\" decoding=\"async\" width=\"1024\" height=\"630\" src=\"http:\/\/carpentier-peintre.fr\/wp-content\/uploads\/2025\/05\/IMGP9916-scaled-e1747931117777-1024x630.jpg\" alt=\"\" class=\"wp-image-485 size-full\" srcset=\"https:\/\/carpentier-peintre.fr\/wp-content\/uploads\/2025\/05\/IMGP9916-scaled-e1747931117777-1024x630.jpg 1024w, https:\/\/carpentier-peintre.fr\/wp-content\/uploads\/2025\/05\/IMGP9916-scaled-e1747931117777-300x184.jpg 300w, https:\/\/carpentier-peintre.fr\/wp-content\/uploads\/2025\/05\/IMGP9916-scaled-e1747931117777-768x472.jpg 768w, https:\/\/carpentier-peintre.fr\/wp-content\/uploads\/2025\/05\/IMGP9916-scaled-e1747931117777-1536x944.jpg 1536w, https:\/\/carpentier-peintre.fr\/wp-content\/uploads\/2025\/05\/IMGP9916-scaled-e1747931117777-2048x1259.jpg 2048w, https:\/\/carpentier-peintre.fr\/wp-content\/uploads\/2025\/05\/IMGP9916-scaled-e1747931117777-1240x762.jpg 1240w, https:\/\/carpentier-peintre.fr\/wp-content\/uploads\/2025\/05\/IMGP9916-scaled-e1747931117777-508x312.jpg 508w\" sizes=\"auto, (max-width: 1024px) 100vw, 1024px\" \/><\/figure><div class=\"wp-block-media-text__content\">\n<p><\/p>\n<\/div><\/div>\n\n\n\n<ul style=\"color:#d67676\" class=\"wp-block-list has-text-color has-link-color wp-elements-34e73d923c1bb47b1a936485139214a6\">\n<li class=\"has-text-color has-link-color wp-elements-99cd5c43bc51578e8ae3e1dbd3f642cd\" style=\"color:#f1dcb9\">Expo 16eme Salon de peinture et de sculpture des&#8221; Vals des Tilles&#8221; \u00e0 Chalmessin(52) 2011 <\/li>\n\n\n\n<li class=\"has-text-color has-link-color wp-elements-64cee83cf11c2f2bcbe777ab44750be2\" style=\"color:#f1dcb9\">Expo le &#8220;Simpatico&#8221;Dijon 2011 .<\/li>\n\n\n\n<li class=\"has-text-color has-link-color wp-elements-dc355ebb451491578d86b348dd4a3c6f\" style=\"color:#f1dcb9\">Expo au salon&nbsp;<a href=\"http:\/\/http\/\/www.youtube.com\/watch?v=UclzJbBFqqY\">&#8220;Art-actuel&#8221;<\/a>&nbsp;au Polygone de Chevigny Saint-Sauveur (21) 2010.<\/li>\n\n\n\n<li class=\"has-text-color has-link-color wp-elements-a51aec469ceaa9c3a83eec37f3e39468\" style=\"color:#f1dcb9\">Expo au siege de&nbsp;la Caisse d&#8217;Epargne de Bourgogne Franche-Comt\u00e9, \u00e0 Dijon 2010.<\/li>\n\n\n\n<li class=\"has-text-color has-link-color wp-elements-eaf4a8f15c95d93ddf301b570ee9918a\" style=\"color:#f1dcb9\">Expo avec Florian Rosier, artiste verrier maison des soc\u00e9t\u00e9s, \u00e0 Marsannay la cote 2010<\/li>\n\n\n\n<li class=\"has-text-color has-link-color wp-elements-3da88230156810fb985c229a19721293\" style=\"color:#f1dcb9\">Expo avec Florian Rosier, artiste verrier \u00e0 Is sur Tille, espace Carnot 2009<\/li>\n\n\n\n<li class=\"has-text-color has-link-color wp-elements-191ffafa09fed39d13f495e81c9b7795\" style=\"color:#f1dcb9\">Expo avec Marco de Gemeaux, sculpteur \u00e0 Is sur Tille, espace Carnot 2007<\/li>\n\n\n\n<li class=\"has-text-color has-link-color wp-elements-e56e09b0db41ecf07782d3d7bad6a79d\" style=\"color:#f1dcb9\"><a href=\"http:\/\/www.treize-plus.com\/\">Treize Plus<\/a>&nbsp;(association): journ\u00e9es portes ouvertes 2006, 2007, 2008.<\/li>\n\n\n\n<li class=\"has-text-color has-link-color wp-elements-3532fa3302aa29d012c3e7e758daa3f3\" style=\"color:#f1dcb9\"><a href=\"http:\/\/www.myspace.com\/galeriedegemeaux\">Galerie de Gemeaux<\/a>&nbsp;2006<\/li>\n\n\n\n<li class=\"has-text-color has-link-color wp-elements-8c87f6f2a4b8cf15e78c7aca34dc0e78\" style=\"color:#f1dcb9\">Exposition &#8220;Les chevalets d\u2019Asni\u00e8res&#8221;, Asni\u00e8res-l\u00e8s-Dijon<\/li>\n\n\n\n<li class=\"has-text-color has-link-color wp-elements-d8223be6a87a5b0c0cb339e5261f39c0\" style=\"color:#f1dcb9\">Galerie du Cerf, Saint-Jean-de-Losne<\/li>\n\n\n\n<li class=\"has-text-color has-link-color wp-elements-c99c1c2aa6c01bd6b61df04188c29188\" style=\"color:#f1dcb9\">Galerie Oniris, Strasbourg<\/li>\n\n\n\n<li class=\"has-text-color has-link-color wp-elements-49c0ec2956d7df6163eaf2863a9d08fe\" style=\"color:#f1dcb9\">Exposition &#8220;Jules Verne&#8221;, Nantes<\/li>\n\n\n\n<li class=\"has-text-color has-link-color wp-elements-c4d20bf02eb277e4a4a3a33fad5bcbe0\" style=\"color:#f1dcb9\">Galerie de Saint-Jean-de-Vaux<\/li>\n\n\n\n<li class=\"has-text-color has-link-color wp-elements-759f7b689077baf00562aa2cbdde189c\" style=\"color:#f1dcb9\">etc.<\/li>\n<\/ul>\n\n\n\n<div class=\"wp-block-media-text alignwide has-media-on-the-right is-stacked-on-mobile\" style=\"grid-template-columns:auto 59%\"><div class=\"wp-block-media-text__content\">\n<p><\/p>\n<\/div><figure class=\"wp-block-media-text__media\"><img loading=\"lazy\" decoding=\"async\" width=\"1024\" height=\"768\" src=\"http:\/\/carpentier-peintre.fr\/wp-content\/uploads\/2025\/05\/IMGP0051-1024x768.jpg\" alt=\"\" class=\"wp-image-486 size-full\" srcset=\"https:\/\/carpentier-peintre.fr\/wp-content\/uploads\/2025\/05\/IMGP0051-1024x768.jpg 1024w, https:\/\/carpentier-peintre.fr\/wp-content\/uploads\/2025\/05\/IMGP0051-300x225.jpg 300w, https:\/\/carpentier-peintre.fr\/wp-content\/uploads\/2025\/05\/IMGP0051-768x576.jpg 768w, https:\/\/carpentier-peintre.fr\/wp-content\/uploads\/2025\/05\/IMGP0051-1536x1152.jpg 1536w, https:\/\/carpentier-peintre.fr\/wp-content\/uploads\/2025\/05\/IMGP0051-2048x1536.jpg 2048w, https:\/\/carpentier-peintre.fr\/wp-content\/uploads\/2025\/05\/IMGP0051-1240x930.jpg 1240w, https:\/\/carpentier-peintre.fr\/wp-content\/uploads\/2025\/05\/IMGP0051-508x381.jpg 508w\" sizes=\"auto, (max-width: 1024px) 100vw, 1024px\" \/><\/figure><\/div>\n","protected":false},"excerpt":{"rendered":"<p>&#8220;L&#8217;artiste ne doit pas copier la nature, mais prendre les \u00e9lements de la nature et cr\u00e9er un nouvel \u00e9lement.&#8220; Prochaine exposition \u00e0 St Chamarand Aout 2025 Exposition de &#8221; l&#8217;Eau d&#8217;ici \u00e0 l&#8217;eau de l\u00e0&#8221; Exposition itin\u00e9rante organis\u00e9e par la &#8221; Communaut\u00e9 de communes Quercy Bouriane&#8221; ( Lot) de Avril \u00e0 Novembre 2024 Exposition&#8221;Arbor\u00e9&#8221; avec [&hellip;]<\/p>\n","protected":false},"author":1,"featured_media":0,"parent":0,"menu_order":0,"comment_status":"closed","ping_status":"closed","template":"","meta":{"footnotes":""},"class_list":["post-64","page","type-page","status-publish","hentry"],"_links":{"self":[{"href":"https:\/\/carpentier-peintre.fr\/index.php\/wp-json\/wp\/v2\/pages\/64","targetHints":{"allow":["GET"]}}],"collection":[{"href":"https:\/\/carpentier-peintre.fr\/index.php\/wp-json\/wp\/v2\/pages"}],"about":[{"href":"https:\/\/carpentier-peintre.fr\/index.php\/wp-json\/wp\/v2\/types\/page"}],"author":[{"embeddable":true,"href":"https:\/\/carpentier-peintre.fr\/index.php\/wp-json\/wp\/v2\/users\/1"}],"replies":[{"embeddable":true,"href":"https:\/\/carpentier-peintre.fr\/index.php\/wp-json\/wp\/v2\/comments?post=64"}],"version-history":[{"count":23,"href":"https:\/\/carpentier-peintre.fr\/index.php\/wp-json\/wp\/v2\/pages\/64\/revisions"}],"predecessor-version":[{"id":564,"href":"https:\/\/carpentier-peintre.fr\/index.php\/wp-json\/wp\/v2\/pages\/64\/revisions\/564"}],"wp:attachment":[{"href":"https:\/\/carpentier-peintre.fr\/index.php\/wp-json\/wp\/v2\/media?parent=64"}],"curies":[{"name":"wp","href":"https:\/\/api.w.org\/{rel}","templated":true}]}}